2058?
True
Is 9 a factor of 990?
True
Is 89 a factor of 45479?
True
Is 59 a factor of 1239?
True
Is 2088 a multiple of 24?
True
Is 396 a multiple of 22?
True
Does 19 divide 1338?
False
Does 102 divide 102?
True
Does 11 divide 227?
False
Does 4 divide 1874?
False
Does 30 divide 2160?
True
Does 5 divide 20940?
True
Is 34 a factor of 71230?
True
Is 1108 a multiple of 3?
False
Is 8 a factor of 1529?
False
Is 352 a multiple of 32?
True
Is 4876 a multiple of 92?
True
Is 7 a factor of 112?
True
Does 92 divide 8556?
True
Is 9 a factor of 4906?
False
Does 7 divide 230?
False
Is 23 a factor of 434?
False
Does 45 divide 2107?
False
Does 8 divide 3584?
True
Is 331 a multiple of 9?
False
Is 153 a factor of 11169?
True
Is 1326 a multiple of 39?
True
Is 44604 a multiple of 118?
True
Does 173 divide 9567?
False
Does 98 divide 45699?
False
Does 30 divide 1478?
False
Is 2528 a multiple of 11?
False
Does 5 divide 620?
True
Is 9 a factor of 14811?
False
Does 81 divide 4941?
True
Does 4 divide 97?
False
Is 3 a factor of 25657?
False
Does 58 divide 16530?
True
Is 7252 a multiple of 23?
False
Is 13440 a multiple of 21?
True
Is 4219 a multiple of 5?
False
Is 1825 a multiple of 25?
True
Is 5082 a multiple of 65?
False
Does 54 divide 624?
False
Does 31 divide 23432?
False
Is 27 a factor of 4563?
True
Does 4 divide 332?
True
Does 5 divide 705?
True
Does 26 divide 776?
False
Does 8 divide 3313?
False
Is 1838 a multiple of 7?
False
Does 5 divide 550?
True
Does 9 divide 11907?
True
Does 3 divide 23973?
True
Is 16480 a multiple of 20?
True
Does 74 divide 1076?
False
Is 936 a multiple of 24?
True
Does 16 divide 6025?
False
Does 35 divide 3850?
True
Is 25 a factor of 3268?
False
Is 7 a factor of 15695?
False
Is 12 a factor of 82140?
True
Does 198 divide 34056?
True
Is 21210 a multiple of 21?
True
Is 10 a factor of 3225?
False
Does 15 divide 89?
False
Is 44 a factor of 2992?
True
Is 15 a factor of 11865?
True
Is 93 a factor of 3627?
True
Is 19 a factor of 589?
True
Is 12648 a multiple of 93?
True
Is 11 a factor of 49566?
True
Does 19 divide 454?
False
Is 6 a factor of 393?
False
Is 23506 a multiple of 42?
False
Does 18 divide 388?
False
Is 28 a factor of 1219?
False
Is 9521 a multiple of 8?
False
Is 4624 a multiple of 17?
True
Does 130 divide 910?
True
Is 340 a factor of 53040?
True
Is 40506 a multiple of 86?
True
Does 125 divide 3411?
False
Does 66 divide 1320?
True
Does 12 divide 103560?
True
Is 78 a multiple of 13?
True
Is 49998 a multiple of 78?
True
Is 19 a factor of 38847?
False
Is 10579 a multiple of 7?
False
Is 12 a factor of 852?
True
Is 55201 a multiple of 112?
False
Is 37780 a multiple of 35?
False
Is 82 a factor of 172364?
True
Is 6324 a multiple of 51?
True
Does 87 divide 2227?
False
Is 21 a factor of 48185?
False
Is 130 a multiple of 13?
True
Is 17900 a multiple of 19?
False
Does 2 divide 470?
True
Does 9 divide 342?
True
Is 11 a factor of 55965?
False
Is 1789 a multiple of 31?
False
Is 8533 a multiple of 167?
False
Is 22 a factor of 2501?
False
Does 15 divide 7110?
True
Is 324 a multiple of 6?
True
Is 13 a factor of 14235?
True
Does 7 divide 467?
False
Is 17272 a multiple of 136?
True
Does 74 divide 1036?
True
Is 1443 a multiple of 13?
True
Does 17 divide 2873?
True
Is 16 a factor of 224?
True
Is 9 a factor of 1892?
False
Does 21 divide 11702?
False
Is 7 a factor of 29014?
False
Is 47839 a multiple of 113?
False
Is 365 a multiple of 31?
False
Is 12255 a multiple of 15?
True
Does 92 divide 13340?
True
Is 112 a factor of 2352?
True
Is 43 a factor of 88881?
True
Is 23777 a multiple of 53?
False
Does 20 divide 1820?
True
Is 2270 a multiple of 10?
True
Does 13 divide 1196?
True
Is 41 a factor of 244?
False
Is 1233 a multiple of 31?
False
Does 38 divide 3836?
False
Is 21 a factor of 23247?
True
Is 10 a factor of 718?
False
Does 42 divide 820?
False
Is 29 a factor of 19169?
True
Is 200 a multiple of 4?
True
Is 20 a factor of 420?
True
Is 261 a factor of 88473?
False
Is 102 a multiple of 17?
True
Is 1215 a multiple of 45?
True
Does 215 divide 42140?
True
Is 13 a factor of 6298?
False
Is 62740 a multiple of 27?
False
Is 74 a factor of 2664?
True
Is 49 a factor of 86681?
True
Is 4805 a multiple of 31?
True
Does 4 divide 1667?
False
Is 1178 a multiple of 62?
True
Is 4116 a multiple of 7?
True
Is 4246 a multiple of 57?
False
Is 17 a factor of 29?
False
Is 32 a factor of 3677?
False
Does 19 divide 6327?
True
Is 14 a factor of 5213?
False
Is 12 a factor of 180?
True
Is 3056 a multiple of 14?
False
Is 191 a factor of 42180?
False
Is 19 a factor of 228?
True
Is 540 a multiple of 36?
True
Is 23 a factor of 33783?
False
Does 13 divide 1352?
True
Does 19 divide 6060?
False
Is 10218 a multiple of 31?
False
Does 14 divide 10875?
False
Is 4128 a multiple of 32?
True
Is 35472 a multiple of 11?
False
Is 54136 a multiple of 15?
False
Does 46 divide 44476?
False
Does 13 divide 1781?
True
Is 1653 a multiple of 44?
False
Is 31944 a multiple of 33?
True
Is 2531 a multiple of 9?
False
Does 36 divide 1207?
False
Does 153 divide 4437?
True
Does 4 divide 8283?
False
Is 10746 a multiple of 22?
False
Does 16 divide 2546?
False
Is 4 a factor of 3505?
False
Is 8 a factor of 4840?
True
Is 5310 a multiple of 10?
True
Is 15201 a multiple of 9?
True
Does 33 divide 396?
True
Is 5 a factor of 3760?
True
Is 97 a factor of 3505?
False
Does 17 divide 2040?
True
Is 33 a factor of 13959?
True
Does 54 divide 17064?
True
Does 12 divide 264?
True
Is 41 a factor of 4823?
False
Is 2650 a multiple of 106?
True
Does 94 divide 846?
True
Does 40 divide 51262?
False
Is 322 a multiple of 14?
True
Does 31 divide 2545?
False
Does 2 divide 509?
False
Is 637 a multiple of 7?
True
Does 42 divide 3570?
True
Is 37 a factor of 66957?
False
Is 29 a factor of 65?
False
Is 3 a factor of 138?
True
Is 147 a factor of 177870?
True
Is 17 a factor of 17402?
False
Is 3648 a multiple of 304?
True
Does 35 divide 2415?
True
Is 31168 a multiple of 64?
True
Does 10 divide 1390?
True
Is 3 a factor of 384?
True
Is 2190 a multiple of 30?
True
Is 9 a factor of 2135?
False
Does 16 divide 7296?
True
Is 21 a factor of 17593?
False
Is 7 a factor of 1380?
False
Is 906 a multiple of 15?
False
Is 128 a multiple of 5?
False
Is 252 a factor of 29882?
False
Does 118 divide 5442?
False
Is 57 a factor of 1425?
True
Is 4192 a multiple of 39?
False
Does 15 divide 38687?
False
Does 11 divide 2244?
True
Does 5 divide 1210?
True
Is 63 a factor of 1890?
True
Is 5 a factor of 2805?
True
Does 19 divide 2356?
True
Is 4333 a multiple of 28?
False
Does 16 divide 1248?
True
Is 9 a factor of 145?
False
Is 34 a factor of 5974?
False
Is 15 a factor of 690?
True
Is 4107 a multiple of 37?
True
Is 3680 a multiple of 32?
True
Is 8199 a multiple of 21?
False
Is 12 a factor of 348?
True
Is 576 a multiple of 32?
True
Is 748 a multiple of 11?
True
Is 7 a factor of 1486?
False
Is 23 a factor of 2262?
False
Does 13 divide 9451?
True
Is 6413 a multiple of 22?
False
Does 79 divide 65017?
True
Is 4 a factor of 23288?
True
Is 1148 a multiple of 28?
True
Does 9 divide 207?
True
Is 17233 a multiple of 71?
False
Is 48 a factor of 5136?
True
Is 13 a factor of 4303?
True
Is 52 a factor of 1040?
True
Is 489 a multiple of 12?
False
Is 7435 a multiple of 24?
False
Is 2 a factor of 429?
False
Does 11 divide 101?
False
Is 51593 a multiple of 190?
False
Does 22 divide 8668?
True
Is 75 a factor of 150?
True
Is 327 a multiple of 42?
False
Is 41400 a multiple of 18?
True
Does 12 divide 189?
False
Is 1353 a multiple of 61?
False
Does 44 divide 264?
True
Does 22 divide 4511?
False
Is 1767 a multiple of 20?
False
Is 29 a factor of 3741?
True
Is 35 a factor of 1330?
True
Is 11 a factor of 7017?
False
Is 95 a factor of 3420?
True
Does 54 divide 5724?
True
Is 6073 a multiple of 37?
False
Does 30 divide 86370?
True
Is 27144 a multiple of 36?
True
Is 5152 a multiple of 14?
True
Is 26 a factor of 72930?
True
Is 51 a factor of 7896?
False
Does 75 divide 1275?
True
Does 31 divide 309?
False
Is 50 a factor of 6850?
True
Does 27 divide 4320?
True
Is 10420 a multiple of 9?
False
Is 14 a factor of 980?
True
Is 202 a factor of 2020?
True
Is 204 a factor of 4603?
False
Is 67 a factor of 268?
True
Does 3 divide 2666?
False
Is 87 a factor of 1653?
True
Does 109 divide 38041?
True
Is 65 a factor of 607?
False
Is 9